
Suppose 269266 = s - 3*m, 45*m + 538527 = 2*s + 40*m. Is s a prime number?
True
Let r(y) = y**3 - 18*y**2 + 18*y - 15. Let g be r(17). Suppose 3*w = -2*q - 22, 0 = -6*w + g*w - q - 21. Is w/((-8)/(-718))*(-4)/4 prime?
True
Is -4*9/36 + (15804 - 1) prime?
False
Suppose 3*d + 20 = 4*m, -3 = 5*d - 2*m + 7. Suppose 2*n - 6*n = 4*s - 1160, -n + s + 300 = d. Is n a composite number?
True
Suppose 5*n - 4*n - 10 = -4*v, 12 = 5*v + n. Let r(i) = -8*i**2 + 17*i**v - 6*i**2 + 5*i - 23. Is r(-7) a prime number?
True
Let b be 1*84/35*(-10)/(-3). Let h(m) be the third derivative of 11*m**4/24 - 7*m**3/3 - 7*m**2. Is h(b) prime?
False
Suppose 2*u = -v + 6, -3*u - 2*u = -4*v - 2. Suppose 0 = v*d - 6*d + 12380. Is d a composite number?
True
Let i(f) = -124*f**2 - 4*f + 5. Let k(a) = -a + 2. Let m(h) = -i(h) + 3*k(h). Is m(6) prime?
False
Let v = -603 + 597. Let l(q) = 63*q - 24. Let o(s) = -63*s + 23. Let h(g) = 4*l(g) + 5*o(g). Is h(v) prime?
True
Let t = -688 - -991. Suppose t = -4*z - l + 7413, -4*l = 8. Suppose 2*b = -0*b + z. Is b a prime number?
False
Let v(h) = h**2 + 6*h - 13. Let t be v(-7). Let m = -6 - t. Is -1 + 1 + (730 - m) + 3 a prime number?
True
Let c = 622209 + -358250. Is c a prime number?
False
Let l be (154/(-693))/(2/(-36)). Suppose -9583 = -z - l*k, 2*z = 2*k - 1022 + 20198. Is z a composite number?
False
Suppose -20 = -3*w + 3*s + s, 0 = -s - 5. Suppose 4*q - 242 = d + d, w = 4*q + 4*d - 224. Is q a composite number?
False
Suppose 3*j + 100 = -2*h - 276, 0 = -j + 5*h - 131. Let p be ((-69)/6)/(7/j). Suppose -6*l + 147 = -p. Is l a composite number?
False
Let i = -3027 - -721. Let c = i + 3457. Is c composite?
False
Let d = -272 - -278. Let l(r) = -1169*r**2 - 5*r + 2. Let w be l(2). Is -1 + w/(-3) - (-4)/d prime?
False
Suppose v = t - 10, 2*t - 7*t + 20 = -2*v. Let l(q) = -5*q**2 - 9*q + 23. Let f be l(v). Let a = -152 - f. Is a a prime number?
False
Suppose 21123 + 47769 = -2*z. Let w = z - -17811. Is w/(-9) + (0 - 4/3) prime?
True
Suppose -i = -2*g + 5*g - 5, -4*i + 4*g - 28 = 0. Let x(z) = -116*z + 2. Let t be x(i). Let j = -47 + t. Is j a composite number?
False
Let c(t) = 91*t**2 + 443*t + 25. Is c(18) a prime number?
True
Suppose -15 = k + 35. Let p = k - -54. Suppose 5*j - 846 = -5*z + 629, -2*j = -p. Is z a composite number?
False
Let b(o) = -o**3 - o**2 + o + 8. Let w be b(0). Let z(k) = -k**3 - 2 + 23*k**2 - w*k**2 - 4*k + 2*k + 21. Is z(13) a prime number?
True
Let u(x) = -1271*x + 6214. Is u(-107) composite?
False
Let d = -9 - -13. Suppose 0 = -v - o + 17651, -4*o = -d*v + 2*v + 35278. Is v prime?
False
Suppose 1495 = 3*d + s, -6*d + 3*d = -2*s - 1483. Let n = 933 - d. Let u = n + -225. Is u composite?
False
Let m = -461386 - -917697. Is m a composite number?
True
Let v = -137 + 142. Suppose -v*r - 7*u + 8290 = -8*u, 3*u = -15. Is r a composite number?
False
Let k = -1434273 - -2085874. Is k composite?
True
Let r be (5 - (-84)/(-16))*(-88)/2. Suppose 0 = r*y - 22515 - 5744. Is y composite?
True
Let u(j) = j**3 + j**2 - j - 6417. Let c(k) = -1. Let i(r) = -c(r) - u(r). Is i(0) a prime number?
False
Let r = -210 - -213. Suppose -12745 = -r*s + 2*w, -s + 6440 - 2195 = -4*w. Is s a composite number?
True
Let l(h) = 52*h**2 - 55*h - 64. Let g = 139 + -120. Is l(g) a composite number?
True
Suppose 0 = 3*a + 2*z + 22, -6 - 9 = 3*z. Let n be -1*-2*(-10)/a. Suppose -1807 = -2*l + 2*p + p, -2*p - 4545 = -n*l. Is l a prime number?
True
Let k(c) = -1284*c - 1019 - 1009 + 2039. Is k(-2) a composite number?
False
Suppose -s - 4 = -3*s. Suppose 0 = 8*u - 18 - 5 + 7. Suppose 8118 = u*h + 4*z, s*h - 4277 = -2*z + 3831. Is h prime?
True
Let f = -281 + 283. Suppose -3*a = -2*t - 3668, f*t = -5*a + 4*t + 6120. Is a composite?
True
Suppose -v - i + 33 = -4*v, -2*i - 14 = 2*v. Let o be (35/v)/((-2)/(-8)). Let b(r) = -55*r - 27. Is b(o) prime?
True
Let c(s) = s**3 - 30*s**2 - 14*s - 52. Let v be c(33). Suppose -165 = -2*i - 5*t + 921, -v = -5*i - 3*t. Is i prime?
False
Let z(b) = 2*b - 16. Let q be z(5). Let l(r) = -r**3 + 5*r**2 - r + 7. Is l(q) a composite number?
False
Suppose 1929009 = 25*x + 27184. Is x composite?
True
Let a(c) = 2*c**2 + 10*c + c - 3*c - 2 + 64*c**3 - 1. Let m be a(3). Let r = m + -388. Is r a composite number?
True
Let x = -389 - -414. Suppose 27*b - x*b = 12478. Is b a composite number?
True
Suppose 5*g - 217261 = -3*a, 0 = -3*a + 136 - 130. Is g a prime number?
True
Let l(n) = -40922*n - 33. Is l(-1) a composite number?
True
Suppose d + h - 51362 = -2*h, 2*d = 5*h + 102779. Suppose -31088 = -5*c + d. Is c a prime number?
True
Is 3*2 - ((165/3)/11 + -73182) prime?
False
Let l(r) be the third derivative of r**5/20 + 5*r**4/6 - 17*r**3/3 - 2*r**2 - 24. Is l(-21) a prime number?
False
Let v = -924 - -1597. Suppose 2*b + y = 1811, -4*y - v - 1153 = -2*b. Is b a composite number?
False
Let m(i) = -661*i**2 - i - 5. Let y be m(-3). Let k = 11284 + y. Is k composite?
False
Let l = -2006 + 3647. Suppose 3819 = -5*p - l. Let q = -299 - p. Is q prime?
False
Suppose 0 = 4*r + 14388 - 47744. Let o = 3392 + r. Is o a composite number?
False
Let i(w) = -2*w**3 + 8*w**2 - 3*w - 4. Let x be i(3). Let p be (-2 + x)*(-1844)/(-12). Suppose 3*o - k - 4624 = 0, o + 3*k - 1999 = -p. Is o composite?
True
Let d = -137 - 188. Let n = d - -890. Is n prime?
False
Suppose -z - 3*z = -3*j + 22, -j + 3*z = -14. Suppose j*w - 119 = 393. Let p = -129 + w. Is p prime?
True
Suppose 130*i - 18087942 = -50*i - 6*i. Is i a composite number?
True
Let b = -10814 + 19377. Is b a prime number?
True
Let w = 488 + -496. Is w/84*-3 - (-432315)/91 a prime number?
True
Let c = 75 + -22. Suppose 3*z = -2 + c. Suppose z*w - 19*w = -2998. Is w a composite number?
False
Let k be (-42)/147 - (48/21)/(-1). Is ((-52725)/2 + k)*(26 - 28) composite?
False
Let d(a) = -127*a - 63. Let l(u) = -1. Let t(k) = -d(k) + 3*l(k). Is t(11) prime?
False
Suppose -3*q + i + 4 = 0, 3*i - 16 = 3*q - 2*i. Suppose -k = -2*k - q. Is k/2*(-42)/(-18)*-226 composite?
True
Suppose 0 = 2*g - 0*g - 3*a + 8, -g - 2 = -a. Let m be (-4 + (g - -8))*474/4. Let f = m + -448. Is f prime?
True
Suppose -5*d + 4*w + 48 = 0, 12 = 3*d + 5*w - 2. Suppose -d*h - 100 = -10*h. Is h/30*(1291 - -2) composite?
True
Let r = 100 + -109. Let h(j) = -1119*j - 34. Is h(r) composite?
False
Let l(o) = -2274*o**3 + 230*o**2 + 910*o + 1. Is l(-4) a composite number?
False
Let v = 2776 + -4151. Let a = 12218 + v. Is a prime?
False
Suppose -2*r - 5 = 3*v, -5*v + 12 - 31 = -2*r. Let z be ((-160)/6)/(2075/(-690) - v). Is z/12 - (-2)/6 composite?
False
Suppose 5*f + t = 8 + 6, 2 = -f + t. Let y be 2988/f - (0/(-2) - -3). Is y/(-14)*((-84)/(-9))/(-2) a composite number?
True
Let q(x) = x**3 + 24*x**2 + 41*x + 16. Suppose -11*w + 14*w = -48. Let y be q(w). Suppose -2*m + 5*b = 4*b - 1393, -2*m + y = -4*b. Is m a prime number?
False
Let u = -422 + 268. Is 11967/(-2)*(u/(-33))/(-7) composite?
False
Let j = -148102 + 328808. Is j a prime number?
False
Let s = 274 + -267. Suppose -13 - s = -5*u, k - u - 5901 = 0. Is k prime?
False
Let l = -26 + 31. Suppose -l*j - 5*y + 4*y = -21, -j + 13 = -2*y. Suppose j*p = p + 4*i + 820, -3*p = i - 615. Is p composite?
True
Suppose 174*h - 4693038 = 1057488. Is h prime?
True
Let q(x) = 4716*x - 10. Let j be q(3). Suppose 2*b = 3*w - 3768 - 10358, 0 = -3*w - 4*b + j. Suppose 0 = -2*z - 4*z + w. Is z a prime number?
False
Let v = 240 - -4145. Is v a prime number?
False
Suppose 1203684 + 1770952 + 2776756 = 32*y. Is y a composite number?
True
Suppose 69*y - 74*y - 70 = 0. Let h be 2/5*(-70)/y. Suppose -x - 163 = -h*x. Is x prime?
True
Suppose 2*i - 2 = 2*d, -i + 5*d = 15 - 8. Suppose 4*n + 17*z = 12*z + 170678, 0 = i*n + 3*z - 128007. Is n a composite number?
False
Let k be (-6)/(-2 - -8) + 1 + 0. Suppose k = 7*j - 8154 - 3935. Is j composite?
True
Suppose 232 = 4*c + 32. Suppose -2155 = -5*u - 0*u. Suppose -3*f = -u + c. Is f a composite number?
False
Let u(d) = -d**2 + 14*d - 34. Let h be u(9). Let q be 12/(-4 + 0) - -11. Suppose h*a = q*a + 3093. Is a composite?
False
Is 2296/252 + (-3)/27 - -45272 composite?
False
Let c = -20272 + 83691. Is c a composite number?
False
Suppose -424 = -4*w + 2*t, 0 = -0*w + 3*w - t - 319. Let y = w - 114. Let l(c) = -108*c - 11. Is l(y) a prime number?
False
Let c 